rs of 37740260?
2, 5, 1887013
What are the prime factors of 2318167282?
2, 31159, 37199
What are the prime factors of 45306986?
2, 601, 37693
What are the prime factors of 665805313?
665805313
List the prime factors of 1145356372.
2, 286339093
What are the prime factors of 5442528734?
2, 2721264367
List the prime factors of 288775920.
2, 3, 5, 1203233
What are the prime factors of 59367342?
2, 3, 9894557
List the prime factors of 701095460.
2, 5, 13, 2696521
List the prime factors of 1552344559.
233, 953, 6991
List the prime factors of 2660884353.
3, 17, 89, 263, 743
What are the prime factors of 1161331071?
3, 29, 53, 251861
What are the prime factors of 13324283?
7, 461, 4129
What are the prime factors of 691846270?
2, 5, 197, 331, 1061
List the prime factors of 126049079.
13, 211, 45953
List the prime factors of 3439655211.
3, 97, 11820121
What are the prime factors of 246678534?
2, 3, 17, 73, 409
List the prime factors of 31683912.
2, 3, 13, 173, 587
List the prime factors of 976096698.
2, 3, 1291, 126013
List the prime factors of 72532524.
2, 3, 23, 109, 2411
What are the prime factors of 4989983700?
2, 3, 5, 13, 1279483
List the prime factors of 54008448.
2, 3, 13, 31, 349
List the prime factors of 13470454.
2, 241, 27947
What are the prime factors of 1396742564?
2, 7, 49883663
What are the prime factors of 619845389?
619845389
List the prime factors of 33450192.
2, 3, 77431
What are the prime factors of 1308996752?
2, 7, 11687471
List the prime factors of 220861652.
2, 11, 421, 11923
List the prime factors of 235470191.
11, 113, 189437
What are the prime factors of 24453280?
2, 5, 152833
List the prime factors of 1139127304.
2, 7, 53, 54829
What are the prime factors of 2995594?
2, 7, 37, 5783
List the prime factors of 30555569.
11, 23, 59, 89
List the prime factors of 134374013.
134374013
What are the prime factors of 310346669?
199, 1559531
List the prime factors of 52349776.
2, 3271861
What are the prime factors of 138005866?
2, 2417, 28549
What are the prime factors of 629303629?
41, 101, 151969
List the prime factors of 35393533.
7, 722317
What are the prime factors of 1452028613?
7, 137, 163, 1327
List the prime factors of 4314474.
2, 3, 281, 853
What are the prime factors of 298413334?
2, 41, 1531, 2377
What are the prime factors of 413032104?
2, 3, 5736557
List the prime factors of 158946870.
2, 3, 5, 5298229
List the prime factors of 385798238.
2, 7, 17, 71, 79
What are the prime factors of 152510670?
2, 3, 5, 13, 37, 271
What are the prime factors of 145997647?
89, 1640423
What are the prime factors of 62742600?
2, 3, 5, 1291
List the prime factors of 13400783.
11, 113, 10781
List the prime factors of 6721781575.
5, 268871263
What are the prime factors of 488437084?
2, 122109271
What are the prime factors of 39615372?
2, 3, 17, 21577
What are the prime factors of 232023859?
232023859
List the prime factors of 438861235.
5, 87772247
What are the prime factors of 2595900863?
67, 103, 389, 967
What are the prime factors of 17910161?
113, 353, 449
List the prime factors of 26526091.
1523, 17417
What are the prime factors of 9888853?
13, 173, 4397
What are the prime factors of 111745305?
3, 5, 7, 118249
What are the prime factors of 553556310?
2, 3, 5, 199, 92723
What are the prime factors of 1021663622?
2, 7, 139, 179, 419
List the prime factors of 234343558.
2, 117171779
List the prime factors of 271133904.
2, 3, 103, 173, 317
What are the prime factors of 1850454695?
5, 457, 809827
List the prime factors of 27699399.
3, 7, 13, 31, 1091
What are the prime factors of 67591695?
3, 5, 53, 85021
List the prime factors of 370805736.
2, 3, 7, 71, 4441
What are the prime factors of 648142428?
2, 3, 54011869
List the prime factors of 431137792.
2, 421033
What are the prime factors of 914958254?
2, 7, 65354161
List the prime factors of 3813307494.
2, 3, 23, 47, 53, 11093
List the prime factors of 4444722.
2, 3, 246929
List the prime factors of 680965175.
5, 11, 17, 145661
List the prime factors of 105228454.
2, 521, 100987
List the prime factors of 76745554.
2, 587, 65371
List the prime factors of 48876010.
2, 5, 4887601
What are the prime factors of 101134550?
2, 5, 11, 183881
List the prime factors of 252154549.
53, 1319, 3607
List the prime factors of 3204282013.
17449, 183637
What are the prime factors of 162008621?
162008621
List the prime factors of 1150457418.
2, 3, 11, 645599
What are the prime factors of 26627000?
2, 5, 26627
List the prime factors of 612324872.
2, 167, 458327
List the prime factors of 116252780.
2, 5, 7, 149, 5573
List the prime factors of 50201580.
2, 3, 5, 11, 13, 5851
What are the prime factors of 14774632?
2, 17, 108637
What are the prime factors of 3103104118?
2, 1551552059
What are the prime factors of 538013731?
251, 2143481
What are the prime factors of 21395822?
2, 7, 211, 7243
What are the prime factors of 62024366?
2, 31, 1000393
What are the prime factors of 51670563?
3, 7, 43, 57221
List the prime factors of 1508874211.
13, 163, 409, 1741
List the prime factors of 3306770183.
3306770183
List the prime factors of 316513930.
2, 5, 307, 103099
What are the prime factors of 413179622?
2, 206589811
List the prime factors of 43086354.
2, 3, 467, 15377
List the prime factors of 154301908.
2, 613, 62929
What are the prime factors of 14343835?
5, 11, 17, 23, 29
List the prime factors of 241266231.
3, 331, 80989
List the prime factors of 265299908.
2, 541, 122597
List the prime factors of 4440166609.
20753, 213953
List the prime factors of 147053058.
2, 3, 53, 163, 2837
What are the prime factors of 42488780?
2, 5, 17, 7351
List the prime factors of 234559035.
3, 5, 197, 26459
List the prime factors of 5034610755.
3, 5, 37293413
What are the prime factors of 496451749?
809, 613661
List the prime factors of 76673528.
2, 2879, 3329
List the prime factors of 2458918589.
11047, 222587
What are the prime factors of 4507036706?
2, 47, 127, 377537
List the prime factors of 2616316182.
2, 3, 1297, 112067
List the prime factors of 1181259978.
2, 3, 557, 353459
List the prime factors of 405517877.
179, 2265463
What are the prime factors of 1203186811?
9679, 124309
What are the prime factors of 148311062?
2, 74155531
What are the prime factors of 66870511?
241, 293, 947
What are the prime factors of 40667426?
2, 20333713
List the prime factors of 34120986.
2, 3, 233, 24407
List the prime factors of 110674474.
2, 37, 1495601
What are the prime factors of 8105178?
2, 3, 167, 8089
List the prime factors of 2957337546.
2, 3, 492889591
What are the prime factors of 222069696?
2, 3, 1156613
What are the prime factors of 359967499?
359967499
List the prime factors of 478099915.
5, 4831, 19793
What are the prime factors of 4043621?
4043621
List the prime factors of 2312430800.
2, 5, 5781077
What are the prime factors of 14472318?
2, 3, 7, 317, 1087
What are the prime factors of 113053633?
7, 11, 137, 1531
List the prime factors of 413490149.
29, 439, 32479
What are the prime factors of 1576213784?
2, 149, 1322327
List the prime factors of 209355297.
3, 69785099
List the prime factors of 145814883.
3, 48604961
List the prime factors of 31987666.
2, 15993833
List the prime factors of 664634887.
7, 23, 41, 107, 941
List the prime factors of 563151547.
7, 1321, 60901
List the prime factors of 2453108887.
2453108887
List the prime factors of 134962151.
134962151
What are the prime factors of 145623116?
2, 1471, 24749
List the prime factors of 1129973431.
157, 7197283
List the prime factors of 7999884.
2, 3, 24691
What are the prime factors of 865595544?
2, 3, 11, 3278771
List the prime factors of 2185257790.
2, 5, 107, 2042297
List the prime factors of 891565808.
2, 7, 953, 8353
List the prime factors of 16832138.
2, 19, 439, 1009
What are the prime factors of 1176897312?
2, 3, 4086449
List the prime factors of 80508962.
2, 40254481
List the prime factors of 1668396259.
43, 431, 90023
List the prime factors of 47698852.
2, 29, 411197
What are the prime factors of 371131870?
2, 5, 37113187
What are the prime factors of 9175801?
17, 229, 2357
List the prime factors of 495008261.
11, 17, 67, 39509
List the prime factors of 358437077.
83, 709, 6091
What are the prime factors of 1076560615?
5, 13, 17, 19, 47, 1091
What are the prime